{"id":233,"date":"2019-09-29T18:17:30","date_gmt":"2019-09-29T16:17:30","guid":{"rendered":"http:\/\/parafiaklimkowka.pl\/?page_id=233"},"modified":"2019-11-02T21:03:55","modified_gmt":"2019-11-02T20:03:55","slug":"liturgiczna-sluzba-oltarza","status":"publish","type":"page","link":"https:\/\/parafiaklimkowka.pl\/index.php\/wspolnoty-parafialne\/liturgiczna-sluzba-oltarza\/","title":{"rendered":"Liturgiczna S\u0142u\u017cba O\u0142tarza"},"content":{"rendered":"<p style=\"text-align: justify;\">Do Liturgicznej S\u0142u\u017cby O\u0142tarza w naszej parafii, nale\u017c\u0105 ministranci, lektorzy i psalmi\u015bci, kt\u00f3rzy pe\u0142ni\u0105 odpowiednie pos\u0142ugi w czasie r\u00f3\u017cnorakich celebracji liturgicznych. U\u015bwietniaj\u0105 oni zar\u00f3wno du\u017ce uroczysto\u015bci (np. Triduum Paschalne, \u015awi\u0119ta Bo\u017cego Narodzenia) jak i codzienne liturgie oraz nabo\u017ce\u0144stwa. G\u0142\u00f3wnym zadaniem lektor\u00f3w i psalmist\u00f3w jest odpowiednia oprawa Liturgii S\u0142owa, za\u015b rol\u0105 ministrant\u00f3w jest przygotowywanie o\u0142tarza i pomaganie ksi\u0119dzu&nbsp; podczas liturgii. W okresie po\u015bwi\u0105tecznym&nbsp; ministranci pomagaj\u0105 podczas wizyt duszpasterskich na terenie Klimk\u00f3wki. Liturgiczna S\u0142u\u017cba O\u0142tarza w parafii liczy 31 os\u00f3b.<\/p>\n<p style=\"text-align: justify;\">Ministranci to duszpasterstwo zrzeszaj\u0105ce m\u0142odych ch\u0142opc\u00f3w, kt\u00f3rzy pragn\u0105 by\u0107 bli\u017cej Boga i bli\u017cej Chrystusa eucharystycznego.<\/p>\n<p style=\"text-align: justify;\"><em>&#8222;Ministrare&#8221; (z \u0142ac.) znaczy&nbsp;&#8222;s\u0142u\u017cy\u0107&#8221;. <\/em><em>S\u0142u\u017cymy Bogu, kiedy przyczyniamy si\u0119 do tego, aby liturgia by\u0142a pi\u0119kna. S\u0142owo &#8222;ministrant&#8221; wskazuje szczeg\u00f3lnie na s\u0142u\u017cb\u0119 <\/em><em>Jezusowi przy o\u0142tarzu we Mszy \u015bwi\u0119tej.<\/em><\/p>\n<p style=\"text-align: justify;\">Od kiedy istniej\u0105 ministranci? &#8211; od kiedy w og\u00f3le istnieje nabo\u017ce\u0144stwo. W ka\u017cdej kulturze religijnej ludzie sk\u0142adali swoim bogom ofiary. W narodzie izraelskim by\u0142o to jedno pokolenie wybrane do s\u0142u\u017cby w \u015bwi\u0105tyni &#8211; pokolenie Lewiego. Z kolei w&nbsp;<em>Ewangelii wg \u015awi\u0119tego Jana&nbsp;<\/em>czytamy:&nbsp;<em>Andrzej, brat Szymona Piotra, rzek\u0142 do Jezusa: Jest tu jeden ch\u0142opiec, kt\u00f3ry ma pi\u0119\u0107 chleb\u00f3w j\u0119czmiennych i dwie ryby (&#8230;) Jezus wzi\u0105\u0142 chleby i odm\u00f3wiwszy dzi\u0119kczynienie, rozda\u0142 siedz\u0105cym (J 6,8-9.11)<\/em>. Ten, wspomniany ch\u0142opiec us\u0142u\u017cy\u0142 samemu Chrystusowi Zbawicielowi i w ten spos\u00f3b uczestniczy\u0142 w cudzie rozmno\u017cenia chleba i ryb, kt\u00f3ry mo\u017cemy uwa\u017ca\u0107 za zapowied\u017a Eucharystii.<\/p>\n<p style=\"text-align: justify;\">Kiedy powstawa\u0142 Ko\u015bci\u00f3\u0142 aposto\u0142owie potrzebowali kogo\u015b do pos\u0142ugiwania wiernym. Wybrali wi\u0119c siedmiu pomocnik\u00f3w i nazwali ich diakonami, to znaczy s\u0142ugami. Gdy wsp\u00f3lnoty chrze\u015bcija\u0144skie stawa\u0142y si\u0119 coraz wi\u0119ksze, wszystko co by\u0142o do wykonania, dzielono w formie r\u00f3\u017cnych zada\u0144 pomi\u0119dzy cz\u0142onk\u00f3w danej wsp\u00f3lnoty.<\/p>\n<p style=\"text-align: justify;\">Celebracja Mszy \u015awi\u0119tej i s\u0142u\u017cba ministrant\u00f3w, jak\u0105 znamy dzi\u015b, to owoc Soboru Watyka\u0144skiego II (1962-1965r. po Chr.).<\/p>\n<p style=\"text-align: justify;\">W naszej parafii ministranci istniej\u0105 od dawna. Co roku do\u0142\u0105cza do ich grona kilku nowych koleg\u00f3w. Ich podstawowym zadaniem jest s\u0142u\u017cba przy o\u0142tarzu.&nbsp;Wa\u017cnymi elementami w&nbsp;\u017cyciu ministrant\u00f3w s\u0105 zbi\u00f3rki, kt\u00f3re jednocz\u0105 ch\u0142opc\u00f3w we wsp\u00f3lnocie i w wierze. Na zbi\u00f3rkach \u0107wicz\u0105 postawy i r\u00f3\u017cne akcje liturgiczne, aby dzi\u0119ki temu przygotowaniu zdoby\u0107 potrzebne umiej\u0119tno\u015bci pozwalaj\u0105ce s\u0142u\u017cy\u0107 Bogu z godno\u015bci\u0105. Lektorzy i ministranci maj\u0105 bowiem wa\u017cne zadanie \u2013 dba\u0107 o pi\u0119kno liturgii.&nbsp;<\/p>\n<p><strong>X przykaza\u0144 ministranta<\/strong><\/p>\n<ul>\n<li>Ministrant kocha Boga i dla Jego chwa\u0142y wzorowo spe\u0142nia swoje obowi\u0105zki.<\/li>\n<li>Ministrant s\u0142u\u017cy Chrystusowi w ludziach.<\/li>\n<li>Ministrant zwalcza swoje wady i pracuje nad swoim charakterem.<\/li>\n<li>Ministrant rozwija w sobie \u017cycie Bo\u017ce.<\/li>\n<li>Ministrant poznaje liturgi\u0119 i \u017cyje ni\u0105.<\/li>\n<li>Ministrant wznosi wsz\u0119dzie prawdziw\u0105 rado\u015b\u0107.<\/li>\n<li>Ministrant prze\u017cywa Boga w przyrodzie.<\/li>\n<li>Ministrant zdobywa koleg\u00f3w w pracy i zabawie dla Chrystusa.<\/li>\n<li>Ministrant jest pilny i sumienny w nauce i pracy zawodowej.<\/li>\n<li>Ministrant modli si\u0119 za Ojczyzn\u0119 i s\u0142u\u017cy jej rzeteln\u0105 prac\u0105.<br \/>\n<hr>\n<\/li>\n<\/ul>\n<h1 style=\"margin: 0cm; margin-bottom: .0001pt; text-align: justify; background: white; vertical-align: baseline;\"><span style=\"font-size: 11.0pt; font-family: 'Arial',sans-serif; background: white;\">Patroni ministrant\u00f3w, kt\u00f3rzy swoim \u017cyciem pokazali wz\u00f3r \u017cycia w blisko\u015bci z&nbsp; Panem Bogiem.<\/span><\/h1>\n<p style=\"text-align: justify;\"><img loading=\"lazy\" decoding=\"async\" class=\"wp-image-762 alignleft\" src=\"https:\/\/parafiaklimkowka.pl\/wp-content\/uploads\/2019\/11\/\u015bw.-Tarsycjusz.jpg\" alt=\"\" width=\"133\" height=\"216\"> <strong>\u015awi\u0119ty Tarsycjusz<\/strong> by\u0142 m\u0142odym Rzymianinem, akolit\u0105, nale\u017c\u0105cym do otoczenia papie\u017ca Stefana I, za czas\u00f3w cesarza Decjusza. Odwa\u017cnie zanosi\u0142 Komuni\u0119 \u015awi\u0119t\u0105 do skazanych na \u015bmier\u0107 chrze\u015bcijan przebywaj\u0105cych w wi\u0119zieniach. Pewnego dnia, gdy szed\u0142 z Naj\u015bwi\u0119tszym Sakramentem w kierunku wi\u0119zienia napad\u0142a go grupa poga\u0144skich r\u00f3wie\u015bnik\u00f3w, zaciekawionych tym, co on niesie z tak\u0105 trosk\u0105. Poniewa\u017c bardzo tego broni\u0142, usi\u0142owali zmusi\u0107 go biciem i obrzucili kamieniami, aby pokaza\u0142 im co niesie. Z pomoc\u0105 nadszed\u0142 mu \u017co\u0142nierz rzymski, Kwadratus, chrze\u015bcijanin. Przep\u0119dzi\u0142 napastnik\u00f3w, jednak ch\u0142opca nie da\u0142o si\u0119 ju\u017c uratowa\u0107. Zmar\u0142 wkr\u00f3tce z up\u0142ywu krwi, na skutek odniesionych ran w obronie Chrystusa. Cia\u0142o \u015bwi\u0119tego \u201eM\u0119czennika Eucharystii\u201d chrze\u015bcijanie pochowali ze czci\u0105 w katakumbach \u015bwi\u0119tego Kaliksta.<\/p>\n<hr>\n<p><img loading=\"lazy\" decoding=\"async\" class=\"wp-image-763 alignleft\" src=\"https:\/\/parafiaklimkowka.pl\/wp-content\/uploads\/2019\/11\/\u015bw.Alojzy.jpg\" alt=\"\" width=\"134\" height=\"225\"><\/p>\n<p style=\"text-align: justify;\"><strong>\u015awi\u0119ty Alojzy Gonzaga. <\/strong>&nbsp;Urodzi\u0142 si\u0119 9 marca 1568 r. ko\u0142o Mantui. Alojzy urodzi\u0142 si\u0119 jednak bardzo w\u0105t\u0142y, a matce grozi\u0142a przy porodzie \u015bmier\u0107. Rodzice wi\u0119c uczynili \u015blub, \u017ce udadz\u0105 si\u0119 z pielgrzymk\u0105 do Loreto, je\u015bli matka i syn wyzdrowiej\u0105. Tak si\u0119 te\u017c sta\u0142o. Kiedy Alojzy mia\u0142 7 lat, prze\u017cy\u0142 swoje \u201cnawr\u00f3cenie\u201d, jak sam twierdzi\u0142. Poczu\u0142 nico\u015b\u0107 pon\u0119t tego \u015bwiata i wielk\u0105 t\u0119sknot\u0119 za Panem Bogiem. Odt\u0105d duch modlitwy, otrzymany od matki, wzr\u00f3s\u0142 w nim jeszcze silniej. Ojciec by\u0142 z tego niezadowolony i wys\u0142a\u0142 syna do Florencji na dw\u00f3r wielkiego ksi\u0119cia Franciszka Medici, by tam naby\u0142 manier dworskich. Alojzy jednak najlepiej czu\u0142 si\u0119 w s\u0142ynnym sanktuarium, obs\u0142ugiwanym w Florencji przez serwit\u00f3w, w ko\u015bciele Annuntiata. Tu te\u017c przed o\u0142tarzem Bo\u017cej Matki z\u0142o\u017cy\u0142 \u015blub dozgonnej czysto\u015bci. Jak g\u0142osz\u0105 jego \u017cywoty, w nagrod\u0119 mia\u0142 otrzyma\u0107 przywilej, \u017ce nie odczuwa\u0142 pokus przeciw anielskiej cnocie czysto\u015bci. \u015awi\u0119ty zdecydowa\u0142 si\u0119 na wst\u0105pienie do Zakonu Jezuit\u00f3w. Kiedy ojcu wyjawi\u0142 swoje postanowienie, ten wpad\u0142 w gniew, ale stanowczy Alojzy nie ust\u0105pi\u0142.<\/p>\n<p style=\"text-align: justify;\">W latach 1590-1591 Rzym nawiedzi\u0142a epidemia d\u017cumy. Wraz z innymi klerykami uda\u0142 si\u0119 na ochotnika do szpitala \u015bw. Sykstusa oraz do szpitala Matki Bo\u017cej Pocieszenia. Wyczerpany studiami i umartwieniami organizm kleryka uleg\u0142 zarazie. Alojzy zmar\u0142 jako kleryk, bez \u015bwi\u0119ce\u0144 kap\u0142a\u0144skich, 21 czerwca 1591 r. w wieku zaledwie 23 lat.<\/p>\n<p style=\"text-align: justify;\">Jego kanonizacja odby\u0142a si\u0119 dopiero w 1726 roku wraz z kanonizacj\u0105 \u015bw. Stanis\u0142awa Kostki.<\/p>\n<hr>\n<p><strong><img loading=\"lazy\" decoding=\"async\" class=\"wp-image-764 alignleft\" src=\"https:\/\/parafiaklimkowka.pl\/wp-content\/uploads\/2019\/11\/\u015bw.-Stanis\u0142aw-Kostka-211x300.jpg\" alt=\"\" width=\"133\" height=\"189\"><\/strong><\/p>\n<p style=\"text-align: justify;\"><strong>\u015awi\u0119ty <\/strong><strong>Stanis\u0142aw Kostka <\/strong>Urodzony w grudniu 1550 roku w Rostkowie. W wieku 14 lat razem ze starszym bratem Paw\u0142emzosta\u0142 wys\u0142any do szk\u00f3\u0142 jezuickich w Wiedniu. W\u015br\u00f3d koleg\u00f3w wyr\u00f3\u017cnia\u0142 si\u0119 pobo\u017cno\u015bci\u0105, skromno\u015bci\u0105 i umiarkowaniem. Mia\u0142 nabo\u017ce\u0144stwo do Naj\u015bwi\u0119tszego Sakramentu. Gorliwie s\u0142u\u017cy\u0142 do Mszy \u015bw., cz\u0119sto pozostawa\u0142 w ko\u015bciele lub kaplicy na adoracj\u0119. Odznacza\u0142 si\u0119 te\u017c szczeg\u00f3lnym nabo\u017ce\u0144stwem do Matki Bo\u017cej.&nbsp; Stanis\u0142aw po\u0142\u0105czy\u0142 nauk\u0119 z \u017cyciem religijnym. W grudniu 1565 roku ci\u0119\u017cko zachorowa\u0142. Mia\u0142 w\u00f3wczas wizj\u0119, w kt\u00f3rej&nbsp; \u015bw. Barbara z dwoma anio\u0142ami przynios\u0142a mu Komuni\u0119 \u015awi\u0119t\u0105. Mia\u0142 te\u017c drug\u0105 wizj\u0119, w kt\u00f3rej Matka Bo\u017ca z Dzieci\u0105tkiem Jezus pochyla si\u0119 nad nim i sk\u0142ada mu w ramiona Dzieci\u0105tko. Rano wsta\u0142 zupe\u0142nie zdrowy.<\/p>\n<p style=\"text-align: justify;\">Stanis\u0142aw pragn\u0105\u0142 wst\u0105pi\u0107 do zakonu Jezuit\u00f3w, lecz nie uzyska\u0142 zezwolenia rodzic\u00f3w. W sierpniu 1567 roku, pieszo, w przebraniu, ucieka do Wiednia. W pogo\u0144 za nim ruszy\u0142 jego brat Pawe\u0142. Stanis\u0142aw dotar\u0142 do&nbsp;Dillingen&nbsp;w&nbsp;Bawarii&nbsp;i zg\u0142osi\u0142 si\u0119 do&nbsp;Piotra Kanizjusza. Ten wys\u0142a\u0142 go do&nbsp;Rzymu, gdzie&nbsp;Franciszek Borgiasz&nbsp;przyj\u0105\u0142 go 28 pa\u017adziernika 1567 roku do&nbsp;nowicjatu. W wieku 17 lat z\u0142o\u017cy\u0142&nbsp;\u015bluby zakonne. 10 sierpnia 1568 roku nagle zachorowa\u0142 na&nbsp;malari\u0119&nbsp;i zmar\u0142 15 sierpnia 1568 r. w&nbsp;Rzymie.<\/p>\n<hr>\n<p style=\"text-align: justify;\"><img loading=\"lazy\" decoding=\"async\" class=\"wp-image-766 alignleft\" src=\"https:\/\/parafiaklimkowka.pl\/wp-content\/uploads\/2019\/11\/\u015bw.-Jan-B-166x300.jpg\" alt=\"\" width=\"133\" height=\"240\" srcset=\"https:\/\/parafiaklimkowka.pl\/wp-content\/uploads\/2019\/11\/\u015bw.-Jan-B-166x300.jpg 166w, https:\/\/parafiaklimkowka.pl\/wp-content\/uploads\/2019\/11\/\u015bw.-Jan-B.jpg 167w\" sizes=\"(max-width: 133px) 100vw, 133px\" \/><strong>\u015awi\u0119ty Jan Berchmans<\/strong> urodzi\u0142 si\u0119 13 marca 1599 roku w Diest, (dzisiejsza Belgia). Jego ojciec by\u0142 garbarzem i handlarzem sk\u00f3r, a tak\u017ce szewcem, matka za\u015b jego, El\u017cbieta, by\u0142a c\u00f3rk\u0105 burmistrza Handriana van den Hove. \u201cNajcz\u0119\u015bciej mo\u017cna by\u0142o go widzie\u0107 w ko\u015bciele, a najrzadziej na ulicy\u201d \u2013 m\u00f3wi\u0142 o Janku jego nauczyciel. \u201cBy\u0142 tak czysty i solidny, \u017ce m\u0142odzie\u0144cze wady nie mia\u0142y do niego przyst\u0119pu\u201d. Z powodu jego niewinno\u015bci i szczerej pobo\u017cno\u015bci, ludzie nazywali go anio\u0142em. Na usilne pro\u015bby ch\u0142opca rodzice zgodzili si\u0119 zap\u0142aci\u0107 za jego nauk\u0119. Jednak na skutek choroby matki musia\u0142 przerwa\u0107 studia. Dopiero dzi\u0119ki finansowej dotacji miejscowego proboszcza, m\u00f3g\u0142 on kontynuowa\u0107 rozpocz\u0119te nauki. Od m\u0142odego wieku czu\u0142 powo\u0142anie do stanu duchownego. Wst\u0105pi\u0142 do nowicjatu jezuit\u00f3w, a ze wzgl\u0119du na jego du\u017ce zdolno\u015bci w 1618 roku wys\u0142ano go na studia do Rzymu. Przez swoje \u017cycie odznacza\u0142 si\u0119 tak\u017ce szczeg\u00f3lnym nabo\u017ce\u0144stwem do Naj\u015bwi\u0119tszego Sakramentu. W czasie studi\u00f3w w Rzymie zapad\u0142 powa\u017cnie na zdrowiu. Ci\u0119\u017cko zachorowa\u0142, a wycie\u0144czony organizm nie by\u0142 w stanie si\u0119 obroni\u0107. Na \u015bmiertelnym \u0142o\u017cu bra\u0142 r\u00f3\u017caniec w r\u0119ce, krzy\u017c, regu\u0142y zakonne i m\u00f3wi\u0142: \u201cZ tym ch\u0119tnie umr\u0119\u201d. Zmar\u0142 13 sierpnia 1621 roku, maj\u0105c 22 lata.<\/p>\n<hr>\n<p style=\"text-align: justify;\"><img loading=\"lazy\" decoding=\"async\" class=\"wp-image-767 alignleft\" src=\"https:\/\/parafiaklimkowka.pl\/wp-content\/uploads\/2019\/11\/\u015bw.-Dominik-216x300.jpg\" alt=\"\" width=\"133\" height=\"185\" srcset=\"https:\/\/parafiaklimkowka.pl\/wp-content\/uploads\/2019\/11\/\u015bw.-Dominik-216x300.jpg 216w, https:\/\/parafiaklimkowka.pl\/wp-content\/uploads\/2019\/11\/\u015bw.-Dominik.jpg 248w\" sizes=\"(max-width: 133px) 100vw, 133px\" \/><\/p>\n<p style=\"text-align: justify;\"><strong>\u015awi\u0119ty Dominik Savio<\/strong> urodzony we W\u0142oszech, w roku 1842. \u017by\u0142 zaledwie 15 lat, ale zd\u0105\u017cy\u0142 osi\u0105gn\u0105\u0107 wysoki stopie\u0144 \u015bwi\u0119to\u015bci. By\u0142 uczniem \u015bwi\u0119tego Jana Bosko, kt\u00f3ry kocha\u0142 go jak syna. W si\u00f3dmym roku \u017cycia przyst\u0105pi\u0142 do I Komunii \u015awi\u0119tej. Chc\u0105c pom\u00f3c \u015bwi\u0119temu Janowi w jego pracy misyjnej, zorganizowa\u0142 towarzystwo pod wezwaniem Niepokalanego Pocz\u0119cia NMP.<\/p>\n<p style=\"text-align: justify;\">Pomimo, \u017ce \u017cycie \u015bwi\u0119tego Dominika p\u0142yn\u0119\u0142o w ub\u00f3stwie, pracy i cierpieniach przepe\u0142nia\u0142a go rado\u015b\u0107. Jest prawdziwym wzorem dla m\u0142odzie\u017cy. Pewnego razu napisa\u0142 do przyjaciela: \u201eTu, na ziemi, \u015bwi\u0119to\u015b\u0107 polega na tym, aby by\u0107 stale radosnym i wiernie wype\u0142nia\u0107 nasze obowi\u0105zki\u201d. Zmar\u0142 9 marca 1857 roku.<\/p>\n","protected":false},"excerpt":{"rendered":"<p>Do Liturgicznej S\u0142u\u017cby O\u0142tarza w naszej parafii, nale\u017c\u0105 ministranci, lektorzy i psalmi\u015bci, kt\u00f3rzy pe\u0142ni\u0105 odpowiednie pos\u0142ugi w czasie r\u00f3\u017cnorakich celebracji liturgicznych. U\u015bwietniaj\u0105 oni zar\u00f3wno du\u017ce uroczysto\u015bci (np. Triduum Paschalne, \u015awi\u0119ta [&hellip;]<\/p>\n","protected":false},"author":1,"featured_media":0,"parent":116,"menu_order":1,"comment_status":"closed","ping_status":"closed","template":"","meta":{"ngg_post_thumbnail":0,"footnotes":""},"yoast_head":"<!-- This site is optimized with the Yoast SEO plugin v23.2 - https:\/\/yoast.com\/wordpress\/plugins\/seo\/ -->\n<title>Liturgiczna S\u0142u\u017cba O\u0142tarza - Parafia w Klimk\u00f3wce<\/title>\n<meta name=\"robots\" content=\"index, follow, max-snippet:-1, max-image-preview:large, max-video-preview:-1\" \/>\n<link rel=\"canonical\" href=\"https:\/\/parafiaklimkowka.pl\/index.php\/wspolnoty-parafialne\/liturgiczna-sluzba-oltarza\/\" \/>\n<meta property=\"og:locale\" content=\"pl_PL\" \/>\n<meta property=\"og:type\" content=\"article\" \/>\n<meta property=\"og:title\" content=\"Liturgiczna S\u0142u\u017cba O\u0142tarza - Parafia w Klimk\u00f3wce\" \/>\n<meta property=\"og:description\" content=\"Do Liturgicznej S\u0142u\u017cby O\u0142tarza w naszej parafii, nale\u017c\u0105 ministranci, lektorzy i psalmi\u015bci, kt\u00f3rzy pe\u0142ni\u0105 odpowiednie pos\u0142ugi w czasie r\u00f3\u017cnorakich celebracji liturgicznych. U\u015bwietniaj\u0105 oni zar\u00f3wno du\u017ce uroczysto\u015bci (np. Triduum Paschalne, \u015awi\u0119ta [&hellip;]\" \/>\n<meta property=\"og:url\" content=\"https:\/\/parafiaklimkowka.pl\/index.php\/wspolnoty-parafialne\/liturgiczna-sluzba-oltarza\/\" \/>\n<meta property=\"og:site_name\" content=\"Parafia w Klimk\u00f3wce\" \/>\n<meta property=\"article:modified_time\" content=\"2019-11-02T20:03:55+00:00\" \/>\n<meta property=\"og:image\" content=\"http:\/\/parafiaklimkowka.pl\/wp-content\/uploads\/2019\/11\/\u015bw.-Tarsycjusz.jpg\" \/>\n<meta name=\"twitter:card\" content=\"summary_large_image\" \/>\n<meta name=\"twitter:label1\" content=\"Szacowany czas czytania\" \/>\n\t<meta name=\"twitter:data1\" content=\"8 minut\" \/>\n<script type=\"application\/ld+json\" class=\"yoast-schema-graph\">{\"@context\":\"https:\/\/schema.org\",\"@graph\":[{\"@type\":\"WebPage\",\"@id\":\"https:\/\/parafiaklimkowka.pl\/index.php\/wspolnoty-parafialne\/liturgiczna-sluzba-oltarza\/\",\"url\":\"https:\/\/parafiaklimkowka.pl\/index.php\/wspolnoty-parafialne\/liturgiczna-sluzba-oltarza\/\",\"name\":\"Liturgiczna S\u0142u\u017cba O\u0142tarza - Parafia w Klimk\u00f3wce\",\"isPartOf\":{\"@id\":\"https:\/\/parafiaklimkowka.pl\/#website\"},\"datePublished\":\"2019-09-29T16:17:30+00:00\",\"dateModified\":\"2019-11-02T20:03:55+00:00\",\"breadcrumb\":{\"@id\":\"https:\/\/parafiaklimkowka.pl\/index.php\/wspolnoty-parafialne\/liturgiczna-sluzba-oltarza\/#breadcrumb\"},\"inLanguage\":\"pl-PL\",\"potentialAction\":[{\"@type\":\"ReadAction\",\"target\":[\"https:\/\/parafiaklimkowka.pl\/index.php\/wspolnoty-parafialne\/liturgiczna-sluzba-oltarza\/\"]}]},{\"@type\":\"BreadcrumbList\",\"@id\":\"https:\/\/parafiaklimkowka.pl\/index.php\/wspolnoty-parafialne\/liturgiczna-sluzba-oltarza\/#breadcrumb\",\"itemListElement\":[{\"@type\":\"ListItem\",\"position\":1,\"name\":\"Strona g\u0142\u00f3wna\",\"item\":\"https:\/\/parafiaklimkowka.pl\/\"},{\"@type\":\"ListItem\",\"position\":2,\"name\":\"Wsp\u00f3lnoty\",\"item\":\"https:\/\/parafiaklimkowka.pl\/index.php\/wspolnoty-parafialne\/\"},{\"@type\":\"ListItem\",\"position\":3,\"name\":\"Liturgiczna S\u0142u\u017cba O\u0142tarza\"}]},{\"@type\":\"WebSite\",\"@id\":\"https:\/\/parafiaklimkowka.pl\/#website\",\"url\":\"https:\/\/parafiaklimkowka.pl\/\",\"name\":\"Parafia w Klimk\u00f3wce\",\"description\":\"pw. \u015aw. Micha\u0142a Archanio\u0142a\",\"publisher\":{\"@id\":\"https:\/\/parafiaklimkowka.pl\/#organization\"},\"potentialAction\":[{\"@type\":\"SearchAction\",\"target\":{\"@type\":\"EntryPoint\",\"urlTemplate\":\"https:\/\/parafiaklimkowka.pl\/?s={search_term_string}\"},\"query-input\":\"required name=search_term_string\"}],\"inLanguage\":\"pl-PL\"},{\"@type\":\"Organization\",\"@id\":\"https:\/\/parafiaklimkowka.pl\/#organization\",\"name\":\"Parafia p.w. \u015bw. Micha\u0142a Archanio\u0142a w Klimk\u00f3wce\",\"url\":\"https:\/\/parafiaklimkowka.pl\/\",\"logo\":{\"@type\":\"ImageObject\",\"inLanguage\":\"pl-PL\",\"@id\":\"https:\/\/parafiaklimkowka.pl\/#\/schema\/logo\/image\/\",\"url\":\"http:\/\/parafiaklimkowka.pl\/wp-content\/uploads\/2019\/10\/anio\u01428_jpeg.jpg\",\"contentUrl\":\"http:\/\/parafiaklimkowka.pl\/wp-content\/uploads\/2019\/10\/anio\u01428_jpeg.jpg\",\"width\":658,\"height\":483,\"caption\":\"Parafia p.w. \u015bw. Micha\u0142a Archanio\u0142a w Klimk\u00f3wce\"},\"image\":{\"@id\":\"https:\/\/parafiaklimkowka.pl\/#\/schema\/logo\/image\/\"}}]}<\/script>\n<!-- \/ Yoast SEO plugin. -->","yoast_head_json":{"title":"Liturgiczna S\u0142u\u017cba O\u0142tarza - Parafia w Klimk\u00f3wce","robots":{"index":"index","follow":"follow","max-snippet":"max-snippet:-1","max-image-preview":"max-image-preview:large","max-video-preview":"max-video-preview:-1"},"canonical":"https:\/\/parafiaklimkowka.pl\/index.php\/wspolnoty-parafialne\/liturgiczna-sluzba-oltarza\/","og_locale":"pl_PL","og_type":"article","og_title":"Liturgiczna S\u0142u\u017cba O\u0142tarza - Parafia w Klimk\u00f3wce","og_description":"Do Liturgicznej S\u0142u\u017cby O\u0142tarza w naszej parafii, nale\u017c\u0105 ministranci, lektorzy i psalmi\u015bci, kt\u00f3rzy pe\u0142ni\u0105 odpowiednie pos\u0142ugi w czasie r\u00f3\u017cnorakich celebracji liturgicznych. U\u015bwietniaj\u0105 oni zar\u00f3wno du\u017ce uroczysto\u015bci (np. Triduum Paschalne, \u015awi\u0119ta [&hellip;]","og_url":"https:\/\/parafiaklimkowka.pl\/index.php\/wspolnoty-parafialne\/liturgiczna-sluzba-oltarza\/","og_site_name":"Parafia w Klimk\u00f3wce","article_modified_time":"2019-11-02T20:03:55+00:00","og_image":[{"url":"http:\/\/parafiaklimkowka.pl\/wp-content\/uploads\/2019\/11\/\u015bw.-Tarsycjusz.jpg"}],"twitter_card":"summary_large_image","twitter_misc":{"Szacowany czas czytania":"8 minut"},"schema":{"@context":"https:\/\/schema.org","@graph":[{"@type":"WebPage","@id":"https:\/\/parafiaklimkowka.pl\/index.php\/wspolnoty-parafialne\/liturgiczna-sluzba-oltarza\/","url":"https:\/\/parafiaklimkowka.pl\/index.php\/wspolnoty-parafialne\/liturgiczna-sluzba-oltarza\/","name":"Liturgiczna S\u0142u\u017cba O\u0142tarza - Parafia w Klimk\u00f3wce","isPartOf":{"@id":"https:\/\/parafiaklimkowka.pl\/#website"},"datePublished":"2019-09-29T16:17:30+00:00","dateModified":"2019-11-02T20:03:55+00:00","breadcrumb":{"@id":"https:\/\/parafiaklimkowka.pl\/index.php\/wspolnoty-parafialne\/liturgiczna-sluzba-oltarza\/#breadcrumb"},"inLanguage":"pl-PL","potentialAction":[{"@type":"ReadAction","target":["https:\/\/parafiaklimkowka.pl\/index.php\/wspolnoty-parafialne\/liturgiczna-sluzba-oltarza\/"]}]},{"@type":"BreadcrumbList","@id":"https:\/\/parafiaklimkowka.pl\/index.php\/wspolnoty-parafialne\/liturgiczna-sluzba-oltarza\/#breadcrumb","itemListElement":[{"@type":"ListItem","position":1,"name":"Strona g\u0142\u00f3wna","item":"https:\/\/parafiaklimkowka.pl\/"},{"@type":"ListItem","position":2,"name":"Wsp\u00f3lnoty","item":"https:\/\/parafiaklimkowka.pl\/index.php\/wspolnoty-parafialne\/"},{"@type":"ListItem","position":3,"name":"Liturgiczna S\u0142u\u017cba O\u0142tarza"}]},{"@type":"WebSite","@id":"https:\/\/parafiaklimkowka.pl\/#website","url":"https:\/\/parafiaklimkowka.pl\/","name":"Parafia w Klimk\u00f3wce","description":"pw. \u015aw. Micha\u0142a Archanio\u0142a","publisher":{"@id":"https:\/\/parafiaklimkowka.pl\/#organization"},"potentialAction":[{"@type":"SearchAction","target":{"@type":"EntryPoint","urlTemplate":"https:\/\/parafiaklimkowka.pl\/?s={search_term_string}"},"query-input":"required name=search_term_string"}],"inLanguage":"pl-PL"},{"@type":"Organization","@id":"https:\/\/parafiaklimkowka.pl\/#organization","name":"Parafia p.w. \u015bw. Micha\u0142a Archanio\u0142a w Klimk\u00f3wce","url":"https:\/\/parafiaklimkowka.pl\/","logo":{"@type":"ImageObject","inLanguage":"pl-PL","@id":"https:\/\/parafiaklimkowka.pl\/#\/schema\/logo\/image\/","url":"http:\/\/parafiaklimkowka.pl\/wp-content\/uploads\/2019\/10\/anio\u01428_jpeg.jpg","contentUrl":"http:\/\/parafiaklimkowka.pl\/wp-content\/uploads\/2019\/10\/anio\u01428_jpeg.jpg","width":658,"height":483,"caption":"Parafia p.w. \u015bw. Micha\u0142a Archanio\u0142a w Klimk\u00f3wce"},"image":{"@id":"https:\/\/parafiaklimkowka.pl\/#\/schema\/logo\/image\/"}}]}},"_links":{"self":[{"href":"https:\/\/parafiaklimkowka.pl\/index.php\/wp-json\/wp\/v2\/pages\/233"}],"collection":[{"href":"https:\/\/parafiaklimkowka.pl\/index.php\/wp-json\/wp\/v2\/pages"}],"about":[{"href":"https:\/\/parafiaklimkowka.pl\/index.php\/wp-json\/wp\/v2\/types\/page"}],"author":[{"embeddable":true,"href":"https:\/\/parafiaklimkowka.pl\/index.php\/wp-json\/wp\/v2\/users\/1"}],"replies":[{"embeddable":true,"href":"https:\/\/parafiaklimkowka.pl\/index.php\/wp-json\/wp\/v2\/comments?post=233"}],"version-history":[{"count":3,"href":"https:\/\/parafiaklimkowka.pl\/index.php\/wp-json\/wp\/v2\/pages\/233\/revisions"}],"predecessor-version":[{"id":809,"href":"https:\/\/parafiaklimkowka.pl\/index.php\/wp-json\/wp\/v2\/pages\/233\/revisions\/809"}],"up":[{"embeddable":true,"href":"https:\/\/parafiaklimkowka.pl\/index.php\/wp-json\/wp\/v2\/pages\/116"}],"wp:attachment":[{"href":"https:\/\/parafiaklimkowka.pl\/index.php\/wp-json\/wp\/v2\/media?parent=233"}],"curies":[{"name":"wp","href":"https:\/\/api.w.org\/{rel}","templated":true}]}}